6?
False
Does 5 divide 296?
False
Is 372 a factor of 168534?
False
Does 19 divide 1254?
True
Is 18759 a multiple of 9?
False
Is 891 a multiple of 422?
False
Is 56131 a multiple of 27?
False
Is 3 a factor of 1057?
False
Is 5211 a multiple of 5?
False
Is 7 a factor of 109?
False
Is 5 a factor of 24530?
True
Does 33 divide 451?
False
Is 128 a factor of 91008?
True
Is 2406 a multiple of 117?
False
Is 246 a multiple of 23?
False
Is 109 even?
False
Does 30 divide 3480?
True
Is 220 a multiple of 22?
True
Is 75 a factor of 11729?
False
Is 1009 a multiple of 5?
False
Is 2849 a multiple of 7?
True
Does 4 divide 224?
True
Is 143 a factor of 2308?
False
Is 15615 a multiple of 5?
True
Is 16 a factor of 5150?
False
Does 95 divide 4560?
True
Is 57 a factor of 501?
False
Is 980 a multiple of 13?
False
Is 500 a multiple of 125?
True
Does 20 divide 9080?
True
Is 39959 a multiple of 125?
False
Does 2 divide 680?
True
Does 15 divide 8994?
False
Is 14 a factor of 6748?
True
Is 46520 a multiple of 47?
False
Is 259 a factor of 8858?
False
Is 165 a multiple of 22?
False
Is 16548 a multiple of 44?
False
Is 12 a factor of 36?
True
Does 2 divide 119?
False
Is 3 a factor of 5476?
False
Is 6 a factor of 12882?
True
Is 2631 a multiple of 15?
False
Does 17 divide 2975?
True
Is 322 a multiple of 17?
False
Is 56 a factor of 151?
False
Does 15 divide 6975?
True
Does 18 divide 51740?
False
Is 8 a factor of 7043?
False
Is 6673 even?
False
Does 3 divide 149?
False
Is 19 a factor of 741?
True
Is 21 a factor of 733?
False
Does 16 divide 192?
True
Is 20 a factor of 172?
False
Is 39 a factor of 5200?
False
Is 738 a multiple of 7?
False
Is 102 a multiple of 7?
False
Is 22638 a multiple of 33?
True
Is 4266 a multiple of 9?
True
Is 30 a factor of 64008?
False
Does 252 divide 21924?
True
Is 2030 a multiple of 3?
False
Does 28 divide 86604?
True
Is 39541 a multiple of 37?
False
Does 21 divide 1324?
False
Is 3042 a multiple of 117?
True
Is 7980 a multiple of 76?
True
Does 93 divide 1302?
True
Is 6 a factor of 276?
True
Is 74 a factor of 1258?
True
Does 2 divide 32?
True
Is 420 a multiple of 5?
True
Does 80 divide 2400?
True
Does 14 divide 1069?
False
Does 4 divide 77?
False
Is 624 a multiple of 16?
True
Does 21 divide 882?
True
Is 198 a multiple of 3?
True
Does 10 divide 3861?
False
Does 32 divide 6176?
True
Does 23 divide 161?
True
Does 102 divide 1492?
False
Does 16 divide 516?
False
Is 69 a factor of 15456?
True
Is 58 a factor of 1102?
True
Is 37781 a multiple of 12?
False
Is 8 a factor of 9195?
False
Is 468 even?
True
Is 2277 a multiple of 99?
True
Does 42 divide 3402?
True
Is 555 a multiple of 37?
True
Is 6031 a multiple of 41?
False
Is 3 a factor of 44?
False
Is 1257 a multiple of 29?
False
Is 64 a factor of 4352?
True
Does 7 divide 2576?
True
Is 23779 a multiple of 18?
False
Is 16 a factor of 3577?
False
Does 2 divide 585?
False
Is 29544 a multiple of 73?
False
Is 61 a factor of 101748?
True
Is 15 a factor of 81585?
True
Is 12 a factor of 3840?
True
Does 95 divide 6917?
False
Does 68 divide 8708?
False
Does 90 divide 3807?
False
Is 67153 a multiple of 200?
False
Does 36 divide 2160?
True
Is 1853 a multiple of 53?
False
Is 44 a factor of 344?
False
Is 6 a factor of 72?
True
Is 14 a factor of 4352?
False
Does 8 divide 3360?
True
Is 2628 a multiple of 18?
True
Is 31 a factor of 48670?
True
Is 6461 a multiple of 71?
True
Is 8308 a multiple of 31?
True
Is 6757 a multiple of 12?
False
Is 140 a multiple of 5?
True
Is 23556 a multiple of 9?
False
Does 33 divide 231?
True
Is 7855 a multiple of 251?
False
Is 942 a multiple of 10?
False
Is 30 a multiple of 10?
True
Does 49 divide 5211?
False
Is 12495 a multiple of 85?
True
Is 87139 a multiple of 27?
False
Does 37 divide 12793?
False
Is 23 a factor of 240?
False
Is 26 a factor of 8780?
False
Is 133 a factor of 5719?
True
Is 172 a factor of 53320?
True
Is 702 a multiple of 11?
False
Is 167 a factor of 81381?
False
Is 226 a factor of 3390?
True
Is 9518 a multiple of 49?
False
Is 13 a factor of 6006?
True
Does 19 divide 8379?
True
Does 22 divide 9985?
False
Is 145 a multiple of 29?
True
Does 13 divide 9180?
False
Is 51538 a multiple of 90?
False
Does 15 divide 1511?
False
Is 36 a factor of 16344?
True
Does 59 divide 6667?
True
Is 7 a factor of 97?
False
Is 83 even?
False
Is 23 a factor of 18084?
False
Does 3 divide 2708?
False
Does 106 divide 1696?
True
Is 6119 a multiple of 71?
False
Is 213 a factor of 4473?
True
Is 4852 a multiple of 6?
False
Is 8 a factor of 1042?
False
Is 8 a factor of 5358?
False
Does 10 divide 880?
True
Is 450 a factor of 18834?
False
Is 5 a factor of 615?
True
Is 7 a factor of 10552?
False
Is 120 a multiple of 12?
True
Is 47911 a multiple of 80?
False
Is 12 a factor of 56352?
True
Is 261 a multiple of 17?
False
Is 12 a factor of 1620?
True
Is 714 a multiple of 17?
True
Does 12 divide 360?
True
Is 12 a factor of 5268?
True
Is 4 a factor of 30420?
True
Does 40 divide 1122?
False
Is 668 a multiple of 26?
False
Is 433 a multiple of 63?
False
Is 8 a factor of 32648?
True
Is 7245 a multiple of 45?
True
Is 11 a factor of 4466?
True
Is 7125 a multiple of 18?
False
Is 4 a factor of 419?
False
Is 25 a factor of 10800?
True
Does 62 divide 2063?
False
Is 85 a factor of 16915?
True
Is 20 a factor of 2480?
True
Is 15 a factor of 507?
False
Does 30 divide 2195?
False
Is 3 a factor of 692?
False
Is 289 a multiple of 13?
False
Is 26356 a multiple of 174?
False
Is 19 a factor of 1425?
True
Does 10 divide 21025?
False
Is 567 a multiple of 11?
False
Is 80 a factor of 2160?
True
Is 6148 a multiple of 99?
False
Is 284 a factor of 2556?
True
Is 3 a factor of 486?
True
Is 672 a multiple of 14?
True
Does 81 divide 16890?
False
Is 915 a multiple of 28?
False
Is 14280 a multiple of 241?
False
Is 34 a factor of 340?
True
Does 93 divide 4635?
False
Does 3 divide 1875?
True
Is 2 a factor of 1645?
False
Is 217 a multiple of 7?
True
Does 144 divide 4752?
True
Is 1270 a multiple of 10?
True
Is 793 a multiple of 61?
True
Is 4260 a multiple of 213?
True
Is 2 a factor of 2631?
False
Does 14 divide 269?
False
Is 34 a factor of 24876?
False
Is 5368 a multiple of 61?
True
Is 26 a factor of 2574?
True
Does 26 divide 598?
True
Does 36 divide 6019?
False
Is 1703 a multiple of 16?
False
Does 30 divide 9900?
True
Is 832 a multiple of 26?
True
Is 1800 a multiple of 36?
True
Does 28 divide 1008?
True
Does 8 divide 24?
True
Does 141 divide 4371?
True
Is 87 a multiple of 30?
False
Is 465 a multiple of 15?
True
Does 11 divide 1342?
True
Is 1248 a multiple of 53?
False
Is 6 a factor of 1080?
True
Does 9 divide 21697?
False
Is 2592 a multiple of 45?
False
Does 19 divide 19409?
False
Is 5 a factor of 120?
True
Is 40 a factor of 2363?
False
Does 66 divide 2138?
False
Is 6811 a multiple of 5?
False
Is 8576 a multiple of 134?
True
Is 3800 a multiple of 30?
False
Does 33 divide 1650?
True
Is 101 a multiple of 4?
False
Does 15 divide 2875?
False
Is 82 a factor of 21406?
False
Is 9 a factor of 9225?
True
Does 2 divide 382?
True
Is 29 a factor of 1561?
False
Is 7 a factor of 54480?
False
Does 21 divide 829?
False
Does 9 divide 1440?
True
Is 87 a factor of 19836?
True
Does 26 divide 2046?
False
Does 17 divide 42183?
False
Is 3444 a multiple of 41?
True
Is 3 a factor of 4532?
False
Does 234 divide 29362?
False
Does 21 divide 4609?
False
Is 180 a multiple of 5?
True
Does 24 divide 2424?
True
Does 37 divide 1209?
False
Is 1819 a multiple of 37?
False
Is 14908 a multiple of 126?
False
Is 54 a factor of 378?
True
Does 146 divide 46720?
True
Does 93 divide 53847?
True
Does 15 divide 168?
False
Is 62778 a multiple of 121?
False
Is 58900 a multiple of 155?
True
Is 7 a factor of 6909?
True
Is 10 a factor of 1238?
False
Does 16 divide 1984?
True
Is 30017 even?
False
Is 29 a factor of 899?
True
Does 9 divide 12537?
True
Is 329 a multiple of 47?
True
Is 5 a factor of 880?
True
Is 38 a factor of 1948?
False
Is 7 a factor of 997?
False
Is 18 a factor of 900?
True
Is 357 a multiple of 13?
False
Does 10 divide 7878?
False
Does 2 divide 68?
True
Is 6420 a multiple of 3?
True
Is 1241 a multiple of 17?
True
Is 20999 a multiple of 33?
False
Is 1509 a multiple of 30?
False
Is 19 a factor of 589?
True
Is 27 a factor of 1366?
False
Is 5263 a multiple of 19?
True
Does 56 divide 2800?
True
Does 101 div